what is 662 - 1?
661
In base 14, what is -20 - 1?
-21
In base 2, what is 110111 + -101?
110010
In base 15, what is -2e1 - -2?
-2de
In base 9, what is -25 - 6?
-32
In base 8, what is -663 + -7?
-672
In base 14, what is 5 - -2b?
32
In base 2, what is 10100 - 11011?
-111
In base 2, what is 111 - 10100?
-1101
In base 13, what is 30b - 2?
309
In base 9, what is 673 + 15?
688
In base 3, what is -1100012 - -2?
-1100010
In base 10, what is 1 + 16?
17
In base 3, what is 22 + -11202112?
-11202020
In base 14, what is -3648 + 5?
-3643
In base 6, what is 14111 - -2?
14113
In base 15, what is -4995 - 5?
-499a
In base 14, what is -3 + 11?
c
In base 2, what is -10000 - 100?
-10100
In base 8, what is -31 + 124?
73
In base 15, what is -74 + 4?
-70
In base 13, what is -2 - 64b?
-650
In base 14, what is -3a7 - -b?
-39a
In base 12, what is -2 + 4?
2
In base 13, what is 5 + 71c?
724
In base 11, what is -28 + -6?
-33
In base 8, what is 5 - -77?
104
In base 8, what is -3 - -30?
25
In base 10, what is -1226 - 0?
-1226
In base 3, what is -10202 - 12122?
-100101
In base 10, what is -16 + -139?
-155
In base 15, what is 112 - -3?
115
In base 2, what is 1001 + 101?
1110
In base 16, what is 5 + 60?
65
In base 14, what is -b781 + -4?
-b785
In base 15, what is 6 - 6?
0
In base 14, what is 4c + -a?
42
In base 14, what is b40 - 5?
b39
In base 12, what is 2 + -1a11?
-1a0b
In base 15, what is -46 - -1?
-45
In base 12, what is 1933 + b?
1942
In base 14, what is d9a - 0?
d9a
In base 5, what is 3 + 132?
140
In base 12, what is -23b4 - -1?
-23b3
In base 2, what is 10000 + -110?
1010
In base 9, what is 17338 + -5?
17333
In base 14, what is 11 - 1c?
-b
In base 4, what is -11 + -31110?
-31121
In base 15, what is -1d8 + -2?
-1da
In base 14, what is -8 + -9?
-13
In base 4, what is 13 - 131?
-112
In base 12, what is b97 - 2?
b95
In base 14, what is 1 - -6a6?
6a7
In base 9, what is 466 + 50?
526
In base 13, what is 22 - 245?
-223
In base 6, what is 31 - 3?
24
In base 4, what is -21301 - -1?
-21300
In base 10, what is 694 + 4?
698
In base 10, what is -9482 + -4?
-9486
In base 16, what is 1 + 21?
22
In base 12, what is 11 - -570?
581
In base 15, what is -3626 + 4?
-3622
In base 3, what is 1 - -1111112?
1111120
In base 12, what is 2 - 1?
1
In base 2, what is 1110 - -1011001?
1100111
In base 16, what is 3 - -be?
c1
In base 10, what is 5 + 498?
503
In base 5, what is -23400 - 3?
-23403
In base 5, what is -1200440 - 2?
-1200442
In base 12, what is -5 + 99?
94
In base 3, what is 1 + -201?
-200
In base 5, what is 23 - -32?
110
In base 16, what is -370 + 2?
-36e
In base 11, what is 7a + 2?
81
In base 2, what is -101000 + 1100110011?
1100001011
In base 8, what is 606 - -23?
631
In base 3, what is 1 - 111211?
-111210
In base 4, what is 1 + 302?
303
In base 11, what is 1 - 750?
-74a
In base 14, what is -489 + 0?
-489
In base 13, what is 0 + -4?
-4
In base 3, what is 11012 + 0?
11012
In base 7, what is 4 + 41?
45
In base 15, what is 4 + 9e?
a3
In base 3, what is -2 - 1211?
-1220
In base 9, what is -423 - -7?
-415
In base 10, what is -2 + -82?
-84
In base 9, what is 2 + -8?
-6
In base 6, what is -224 + 5?
-215
In base 10, what is -1 + 344?
343
In base 13, what is -5 + -1?
-6
In base 12, what is 1 + 74?
75
In base 11, what is 4 - -44?
48
In base 4, what is 11 - 100?
-23
In base 12, what is -3 + -58?
-5b
In base 7, what is 1244 + -5?
1236
In base 4, what is -3 + 1001?
332
In base 3, what is 2 - 10102101?
-10102022
In base 6, what is -253 + -25?
-322
In base 16, what is -4c - -7?
-45
In base 15, what is -4 + -4a?
-4e
In base 4, what is 10 + -1200333?
-1200323
In base 2, what is -11111 - 1001100110?
-1010000101
In base 14, what is -7a - -12?
-68
In base 3, what is 220 + 111200?
112120
In base 4, what is 1132 - 2103?
-311
In base 11, what is 2 + 2959?
2960
In base 16, what is 37c + 3?
37f
In base 13, what is 12 + -90?
-7b
In base 6, what is 1 - -3?
4
In base 5, what is 24 - -4?
33
In base 4, what is 1102 - 11?
1031
In base 6, what is -3544 + 5?
-3535
In base 8, what is -507 + 12?
-475
In base 9, what is 1 + 841?
842
In base 16, what is -1 + 47b?
47a
In base 16, what is 65 - -c7?
12c
In base 12, what is 0 - 358?
-358
In base 11, what is 5 + -27?
-22
In base 12, what is -5 - 10?
-15
In base 15, what is 6 + -14?
-d
In base 15, what is 69 + 3a?
a4
In base 8, what is -4 - -165?
161
In base 10, what is 2134 - 1?
2133
In base 2, what is -1001110000 - -100?
-1001101100
In base 14, what is 674b + 2?
674d
In base 15, what is 28 - 2b?
-3
In base 3, what is 10 - 221020?
-221010
In base 11, what is 27 - -4?
30
In base 16, what is -1 - -3d?
3c
In base 2, what is 101 + -1101100010?
-1101011101
In base 4, what is -22 - -3?
-13
In base 10, what is 16 + -319?
-303
In base 7, what is -5320 - -2?
-5315
In base 13, what is 34 + 70?
a4
In base 13, what is 9 + -34?
-28
In base 12, what is -4 - 1377?
-137b
In base 13, what is -28 + b?
-1a
In base 6, what is -124 - -2?
-122
In base 9, what is -744 - 0?
-744
In base 8, what is 350 - 1?
347
In base 12, what is -2b + -1ba?
-229
In base 12, what is 5 - 53?
-4a
In base 7, what is -2 - -26?
24
In base 11, what is 0 - 6a?
-6a
In base 11, what is 16 - -36?
51
In base 16, what is -1 - -1cc?
1cb
In base 5, what is 434 - -4?
443
In base 10, what is -1180 + -1?
-1181
In base 11, what is 11 - 0?
11
In base 15, what is -3 - -3a3?
3a0
In base 4, what is -3030 - -11?
-3013
In base 11, what is -27 - -1?
-26
In base 12, what is -78 + -2?
-7a
In base 5, what is 43102 - -2?
43104
In base 13, what is 8 + 2c?
37
In base 13, what is -8 - -726?
71b
In base 10, what is 24 + 2?
26
In base 11, what is -12 - 574?
-586
In base 2, what is -101111011 + 11?
-101111000
In base 2, what is 101000111 + 0?
101000111
In base 7, what is 61 + -501?
-410
In base 7, what is 10252 + 1?
10253
In base 5, what is -12 + 403?
341
In base 10, what is 257 - 5?
252
In base 11, what is 76 - -10?
86
In base 13, what is 3 - 42?
-3c
In base 16, what is d - 1?
c
In base 5, what is -12242 + 10?
-12232
In base 3, what is 1201122222 + -11?
1201122211
In base 15, what is 32 - 5?
2c
In base 14, what is 5 + -41?
-3a
In base 7, what is 14553 + -2?
14551
In base 4, what is -130 + 1033?
303
In base 7, what is 10443 + 11?
10454
In base 8, what is 14 - 1674?
-1660
In base 12, what is 0 + -4?
-4
In base 5, what is -411 - 41?
-1002
In base 16, what is 59 - -2?
5b
In base 13, what is 62 + 67?
c9
In base 6, what is -2 + -4?
-10
In base 6, what is 3442 - -15?
3501
In base 5, what is -220 + 0?
-220
In base 3, what is 11120 - -12?
11202
In base 6, what is 15033 + 4?
15041
In base 9, what is -11 + 307?
286
In base 8, what is 642 - -31?
673
In base 3, what is -1002221220 - 1?
-1002221221
In base 15, what is 2 - -259?
25b
In base 2, what is 10 - -1100100?
1100110
In base 10, what is 0 + -4001?
-4001
In base 12, what is -5 - 8?
-11
In base 9, what is 48 + -18?
30
In base 13, what is -1a4 + -4?
-1a8
In base 15, what is 7728 + 1?
7729
In base 14, what is 72 - 1?
71
In base 5, what is -21 + -2232?
-2303
In base 6, what is 3 - 240?
-233
In base 8, what is -2724 - -11?
-2713
In base 7, what is 15601 - 2?
15566
In base 14, what is -5 + -44?
-49
In base 11, what is -5 + -17a?
-184
In base 10, what is 1 + -246?
-245
In base 7, what is -3 + 6111?
6105
In base 2, what is 1110011111010011 - 1?
1110011111010010
In base 5, what is 14 + -24?
-10
In base 16, what is -25 - f7?
-11c
In base 13, what is 21 - -17?
38
In base 13, what is 340 + 3?
343
In base 15, what is 0 - -e91?
e91
In base 4, what is -10323 + -11?
-11000
In base 5, what is -420400 - 0?
-420400
In base 5, what is 1341 - 0?
1341
In base 3, what is 120 - -110010?
110200
In base 2, what is 1000001 - 101?
111100
In base 7, what is -3 - -355?
352
In base 2, what is 11 + 11111100?
11111111
In base 4, what is -121 + -1?
-122
In base 7, what is -5 - -53?
45
In base 8, what is 2 + -4251?
-4247
In base 8, what is 6 + 0?
6
In base 15, what is -1d + -4?
-22
In base 13, what is -5172 + 1?
-5171
In base 16, what is -1a - 217?
-231
In base 15, what is -76e + -5?
-774
In base 4, what is -103133 + 3?
-103130
In base 8, what is -2 - -33?
31
In base 3, what is 10 + 10011?
10021
In base 4, what is -1033 - -20?
-1013
In base 7, what is -4 - -21155?
21151
In base 12, what is 2 + -197?
-195
In base 4, what is -102 - -11311?
11203